
Let x(l) = 4*l**3 - 17*l**2 + 5*l - 19. Let p(u) = -5*u**3 + 18*u**2 - 2*u + 19. Let m(i) = -3*p(i) - 4*x(i). Determine m(13).
6
Suppose 30 = -6*o + 11*o. Let h be 3/o*(-15 - (1 - 2)). Let x(d) = -d**3 - 7*d**2 + 2*d + 10. What is x(h)?
-4
Suppose w - 2*q - 80 = -4*w, 5*w + q = 65. Let h = 16 - w. Let u(k) = 3*k + 2 - 7*k + 0*k. Give u(h).
-6
Let u(l) = l**2 + 39*l - 40. Let w(v) = 3*v**2 + 77*v - 81. Let o(c) = 7*u(c) - 3*w(c). Let y be o(20). Let z(r) = -r**2 + 3*r + 1. Determine z(y).
1
Suppose -56*v - 594 = -650. Let s be 1/1*(0 + 1). Let z(j) = -2*j - 7*j**2 - s + 0 + 4*j. What is z(v)?
-6
Let s be (-18)/4*8/(-6). Let g(f) = 2*f**2 - f**3 - f**2 + 5*f + 4*f**2 + 7 + 0*f**3. What is g(s)?
1
Let b be (-3)/6 - 41/(-2). Suppose -8 = z - b. Let p = 19 - z. Let a(n) = -n + 7. Calculate a(p).
0
Let w(o) be the second derivative of o**6/720 + 7*o**5/120 + 17*o**4/12 - 25*o. Let x(t) be the third derivative of w(t). Determine x(-11).
-4
Let d(z) be the third derivative of -z**6/120 - z**5/15 - z**4/24 + z**3/6 - z**2 - 8. Let u be -8*((-12)/8 + 2). Determine d(u).
5
Let q(g) = -11*g. Suppose 0 = -5*t - 4*r + 36, -2*t - 16 = -7*t + r. Suppose -c + 5 = t*c. Suppose -2*w + 2 = -4*w + 4*o, 0 = w - 5*o + c. Calculate q(w).
11
Let d(v) be the third derivative of -v**4/12 + 2*v**3 + 8*v**2. Let m(h) = -3*h + 18. Let g(b) = -8*d(b) + 5*m(b). Let f be (-4)/18 + (-4)/(-18). Give g(f).
-6
Let w(i) = -5*i + 16. Suppose 7*r - 42 = -7. What is w(r)?
-9
Let k = 209 + -211. Let l(r) be the first derivative of -r**3/3 - r**2 - r + 2. Give l(k).
-1
Let q(y) = y + 4. Let p = -4 - -2. Suppose -2*d - 3*v = 6, -3 = -0*d + d - v. Let x = d + p. Give q(x).
-1
Suppose 18*o - 75 = 3*o. Let c(x) = x**2 - 4*x + 2. What is c(o)?
7
Let n = -2 - -5. Let j(m) be the third derivative of m**6/120 - m**5/30 + m**4/24 - 2*m**3/3 + 1745*m**2. Calculate j(n).
8
Let h(u) = u**3 + 5*u**2 + 8*u + 6. Let f be h(-3). Let v = 14 + -13. Let m(i) = -10*i - i + f + 0*i - v. Give m(1).
-12
Let b(l) be the second derivative of -l**4/12 - l**3/6 - 7*l**2/2 - 28*l + 3. Let a be 0*(-3)/((-6)/(-2)). Determine b(a).
-7
Let k be 9 + 2*1/2. Suppose -17 = 2*b - 5*y, -4*b + y - k = -y. Let z(w) = -54 + 20 + 18 - 3*w**2 + 15 + 0*w**2. What is z(b)?
-4
Let a(i) be the third derivative of -1/60*i**5 + 0*i + 0 + 1/6*i**3 + 5/24*i**4 - 2*i**2. Let x be a(6). Let k(t) = t**2 + 2*t - 4. Determine k(x).
11
Let k be (8 - 8) + (-20)/(-2). Let l be (k/(-5) - -2)/(-2). Let u(a) = -a + 9. What is u(l)?
9
Let r(d) be the third derivative of -d**6/120 + 11*d**5/60 - d**4/3 - 11*d**3/3 - 61*d**2. What is r(10)?
-2
Let r(a) = a - 1. Suppose -5*t - 5*w + 50 = 0, -t + 0*w - 5*w + 6 = 0. Suppose -t*f + 16*f = -5. Calculate r(f).
-2
Let u(l) = -2*l - 2. Let o(a) = -3*a - 1. Let y be (-10)/4*(-16)/10. Let m(h) = y*u(h) - 3*o(h). Suppose 27 = 7*z + 69. What is m(z)?
-11
Let j(u) = 2*u + 1. Let n(z) = z**3 - 6*z**2 - 7*z - 9. Let m be n(7). Let q = m - -11. Suppose q*s = k - 7, 0 = -4*k - 5*s + 1 + 1. Give j(k).
7
Let x(g) = 4 + 255*g + 11 - 257*g + 0. Give x(5).
5
Let l(f) = -4*f**2 - 3*f + 2. Suppose -16*a + 23 = 7. Give l(a).
-5
Let s(b) = b - 7. Let q be s(12). Let r(p) be the first derivative of -1 + 5/2*p**2 - 7*p - 1/3*p**3. What is r(q)?
-7
Let q(o) be the third derivative of -o**4/24 - o**3/2 - o**2. Suppose 30 = -5*g - 100. Let r = -30 - g. Calculate q(r).
1
Let w = 6368 - 6366. Let s(a) = -2*a - 2. Let u(q) = -4*q - 4. Let f(n) = -5*s(n) + 3*u(n). Determine f(w).
-6
Suppose -30*y - 65 + 365 = 0. Let i(f) = f**2 - 11*f - f + f + 8. Calculate i(y).
-2
Let n(o) = o**2 + 170*o + 8 - 175*o + 3*o**2 - 5*o**2. Let z(k) = -k + 13. Let d be z(10). Let i be (d + -2)*(-14)/2. Give n(i).
-6
Let r(t) be the first derivative of -t**4/4 - 4*t**3/3 - 3*t**2/2 + t - 4. Let o be -10 + 6 - (-4 + 3). What is r(o)?
1
Suppose h - 11 = 4*s, 2*s = 5*h - 15 - 4. Let p(b) = 0*b + h*b + 443 - 440. Give p(-6).
-15
Let o(h) = -2 - h + 0*h + 9 - 8. Give o(3).
-4
Let s(a) = 462 - a - 429 + 3*a. Calculate s(-11).
11
Let o(f) = 4*f + 194. Let x be o(-48). Let c(m) be the first derivative of -2*m + 3/2*m**x + 1. What is c(5)?
13
Let b(g) = g**2 + 8*g - 10. Let o be -8*8/16 + -4. Determine b(o).
-10
Suppose 12 = -3*j - 5*c + c, 3*c = -5*j - 9. Let h(l) = l**3 - l**2 + 2*l - 26. What is h(j)?
-26
Let k(n) = n**3 - 4*n**2 - 5*n - 4. Let v(j) = j - 1. Let a be v(5). Suppose -4*u + 20 = -2*l - a, 2*u - 5*l = 20. Give k(u).
-4
Let t(s) = 11*s. Let m(f) = -f + 6. Let h be m(10). Let b(x) = 32*x. Let c(w) = h*b(w) + 11*t(w). Determine c(1).
-7
Let l(o) be the first derivative of -o**3/3 - 4*o**2 - 10*o + 18. Calculate l(-6).
2
Suppose 14*t = 12*t + 6. Let j(g) = g + 12. Let i(r) = -4. Let c(h) = -8*i(h) - 3*j(h). What is c(t)?
-13
Let z(f) = -2*f + 28. Suppose -3*d + 78*b + 53 = 82*b, 62 = 3*d - 5*b. What is z(d)?
-10
Let m = 38 + -19. Suppose 5*y - 52 = -3*s, 4*s + 4*y - 99 = -m. Let f(p) = -46 + 7*p + s + 25. Give f(-2).
-11
Let v(z) = 0*z - 13*z - 9 + 6*z + 5*z. Let k(u) = u + 4. Let f(g) = 7*k(g) + 4*v(g). What is f(-9)?
1
Suppose 10 = -37*u + 47. Let n(o) = -4*o**2 - 4*o + 3. Give n(u).
-5
Suppose 9*m = 5*m + 4*f + 4, 2*f = 8. Let v(u) = -u**2 + 3*u - 2. Calculate v(m).
-12
Suppose -7 = -r - 2. Suppose 0 = -r*k + 14 + 16. Suppose -4*j - k = -2. Let t(v) = 8*v**3 - 1. Determine t(j).
-9
Let l be (-4 + -2)/((-3)/2). Let p(m) be the third derivative of m**4/24 - m**3/6 - 8*m**2 - m. Calculate p(l).
3
Let v(y) = y**3 + y**2 - 4*y + 1. Let q be v(2). Let w(t) = -t**2 + 3*t - 6. What is w(q)?
-16
Let p(r) = 19*r**2 - 15 - 20*r**2 - 7*r - 2 + 21*r. Calculate p(12).
7
Let o(k) = k - 1. Suppose -50*c + 49*c + 7 = 0. Give o(c).
6
Let r(l) = -66*l - 2. Let c(i) = -19*i. Let g(u) = 14*c(u) - 4*r(u). Give g(-6).
20
Let u(k) be the third derivative of 5/24*k**4 + 0*k - 1/30*k**5 - 1/120*k**6 + 2/3*k**3 + 24*k**2 + 0. What is u(-3)?
-2
Let n(v) = -v + 28. Let u be n(18). Let q(g) = g**2 - 9*g - 1. Give q(u).
9
Suppose -4*p + 0 - 11 = 3*z, 1 = -4*p - z. Let l(c) = -4*c + 3*c + 0*c - 6*c**2 + 2*c + p. Determine l(-1).
-6
Let g(p) be the first derivative of p**2/2 - 10*p - 1. Give g(16).
6
Suppose 0 = -2*w - 3*g + 85, 0*g - 88 = -2*w - 2*g. Let q be (-1)/(-9)*3 + 1224/54. Let f(a) = -9 + q*a - w*a + 26*a. Calculate f(6).
3
Let y(c) be the second derivative of -c**5/20 + 11*c**4/12 - 3*c**3/2 + 15*c**2/2 + 5*c + 14. Give y(10).
25
Let c(t) be the first derivative of 1/4*t**4 + 4/3*t**3 + 0*t - 2*t**2 - 14. Calculate c(-4).
16
Let w(s) = -s**2 + s. Let m be w(1). Let g be (0 - 0) + (-5)/(-35)*0. Let v(b) = 0 - 167*b**2 + 166*b**2 + b + g. Give v(m).
0
Let c(z) be the first derivative of z**4/4 + 5*z**3/3 - 5*z**2/2 + 7*z - 873. Give c(-6).
1
Let r(p) = p**2 - 8*p + 9. Let d = -297 - -303. Give r(d).
-3
Let h(m) = -m**2 + m + 1. Let z = 5 - 1. Let u be 2*(2 - z/(-8)). Suppose -s = -r - 0*r, -4*r - 4 = -u*s. Determine h(r).
-11
Let x = 1 + -2. Let k(t) = -t**2 + t + 3. Let i(s) = -1. Let n(u) = x*k(u) + 2*i(u). What is n(-4)?
15
Suppose -29 = -2*s + 5*z - 0*z, -2*s + 3*z = -23. Let a(q) = 5*q**2 - 8*q - 5. Let p(g) = 6*g**2 - 9*g - 5. Let n(h) = 5*a(h) - 4*p(h). Calculate n(s).
16
Let q(x) = -x**2 + x + 1. Suppose 3*a = 2*a - 4*f + 2, -3*a + 4*f + 6 = 0. Determine q(a).
-1
Let p(w) = -w**2 + 4*w + 1. Let r(h) = -2*h**2 + 8*h + 3. Let z(u) = -5*p(u) + 2*r(u). Let o be (-2)/(-20)*26 - 15/25. Determine z(o).
-3
Let o(n) = 2*n + 1. Let w be 24/12 - (-3 - 0). What is o(w)?
11
Let o(n) = 7*n + 2*n - 5*n - 20 - 3*n**2 + 3*n. Let m(j) = -2*j**2 + 5*j - 13. Let v(r) = 7*m(r) - 5*o(r). Give v(0).
9
Suppose 0 = 21*s - 23*s + 4. Suppose 2*j + s*y = 6*j - 18, -y = -j + 7. Let u(r) = -9 + 2 - 6*r - j*r**2 + 2*r + 3*r**2. Determine u(5).
-2
Let r(d) be the first derivative of -d**3/3 - 5*d**2/2 + d - 3. Calculate r(-5).
1
Suppose 141*s - 6 = 140*s. Let u(r) = -r**2 + 5*r + 8. Calculate u(s).
2
Suppose -5*m - 25 = 120. Let c = 28 + m. Let k(v) be the first derivative of -3*v**2 + v + 1. Determine k(c).
7
Let t(p) be the first derivative of -5*p**2/2 - 23. Let w be 2/(-6) + (-17)/3. Let y(s) = -s**3 - 5*s**2 + 6*s - 2. Let n be y(w). Determine t(n).
10
Let v(j) be the third derivative of -j**5/60 - j**4/12 + j**3/6 + 289*j**2. Suppose -p + c = 0, -7 + 1 = 2*c. What is v(p)?
-2
Let k(x)